ime?
False
Is 5077263649 a composite number?
True
Is 1806001781 prime?
True
Is 21835162073 a composite number?
False
Is 19415963209 composite?
False
Is 1724649811 prime?
False
Is 76003145453 a composite number?
False
Is 54299039617 prime?
True
Is 3858574813 a composite number?
True
Is 5587249 a composite number?
False
Is 2237203367 a composite number?
True
Is 918021781 prime?
True
Is 283849001 prime?
True
Is 5720618731 a prime number?
True
Is 413249891 a composite number?
True
Is 7215612071 composite?
False
Is 12571025279 a composite number?
True
Is 18563657227 a prime number?
True
Is 666624757 a prime number?
False
Is 3794099401 a composite number?
False
Is 11781693409 composite?
True
Is 9691008659 composite?
False
Is 9015732881 a prime number?
True
Is 1249006019 a prime number?
False
Is 46161970181 composite?
False
Is 246038699 a composite number?
False
Is 1218491051 a prime number?
False
Is 1342173967 a composite number?
True
Is 11839413214 a prime number?
False
Is 10115503163 a composite number?
True
Is 24036242449 composite?
False
Is 69598717571 a prime number?
False
Is 9840438421 prime?
False
Is 8382279283 composite?
True
Is 325989667 a composite number?
True
Is 10235972009 a composite number?
True
Is 4458273779 prime?
True
Is 50130969617 a prime number?
True
Is 4118239181 a prime number?
False
Is 26295326047 a composite number?
True
Is 689339323 a prime number?
False
Is 604933583 prime?
True
Is 17237973947 a prime number?
True
Is 223107953 a composite number?
False
Is 7014986239 composite?
True
Is 68161304537 a composite number?
True
Is 36248623 composite?
True
Is 12876749243 a prime number?
False
Is 103138681 composite?
True
Is 193345045598 a composite number?
True
Is 1813020127 a prime number?
True
Is 27462949071 composite?
True
Is 22884811889 composite?
True
Is 23601578027 prime?
True
Is 3883717373 composite?
True
Is 1059826363 a composite number?
True
Is 4484347631 a prime number?
True
Is 3816682469 a prime number?
True
Is 18505911643 composite?
False
Is 808465843 a prime number?
True
Is 3861269189 composite?
False
Is 320585819 a prime number?
True
Is 658830283 a prime number?
False
Is 3059489701 a composite number?
False
Is 380673731 a prime number?
True
Is 1019472767 a composite number?
True
Is 1051442851 prime?
False
Is 16301379739 a prime number?
True
Is 4030602571 a composite number?
True
Is 3085557913 a composite number?
False
Is 15387169099 prime?
True
Is 1174439531 composite?
False
Is 906477461 a composite number?
False
Is 26423455873 composite?
False
Is 475235497 a prime number?
False
Is 20678192351 a composite number?
False
Is 2342428367 prime?
True
Is 3190323823 composite?
False
Is 421846897 prime?
True
Is 10045988399 prime?
False
Is 75376409677 a prime number?
False
Is 2218822843 a prime number?
False
Is 16819028483 a composite number?
False
Is 127807571 composite?
False
Is 104139611 a composite number?
True
Is 772165231 a composite number?
False
Is 144474397 composite?
False
Is 65221007981 a prime number?
False
Is 251308511 a composite number?
True
Is 2311205705 a composite number?
True
Is 535830673 a composite number?
True
Is 111807039457 prime?
False
Is 3526039747 composite?
True
Is 5543010061 prime?
True
Is 17692469051 prime?
True
Is 10547194435 prime?
False
Is 1823056439 prime?
True
Is 4910572273 a prime number?
True
Is 39229007035 composite?
True
Is 11396831809 composite?
True
Is 873451199 prime?
True
Is 1131191471 a prime number?
True
Is 12104979041 a composite number?
False
Is 409084097 a prime number?
True
Is 72279203 a prime number?
True
Is 359748667 a prime number?
True
Is 1401582593 a prime number?
True
Is 6795732851 prime?
False
Is 2607084591 a composite number?
True
Is 2772069703 prime?
False
Is 4461514469 prime?
False
Is 1281644447 composite?
False
Is 60170647763 a prime number?
False
Is 48054355483 a composite number?
False
Is 3253200763 prime?
False
Is 114623981 prime?
False
Is 41169340363 a composite number?
True
Is 650491591 a composite number?
True
Is 1895938183 composite?
True
Is 16164574357 a composite number?
True
Is 678224009 a prime number?
False
Is 16128162953 a prime number?
False
Is 113316319 prime?
True
Is 204950969 composite?
False
Is 245513869 prime?
True
Is 175552813 a prime number?
False
Is 16591593211 a composite number?
True
Is 14459554069 a composite number?
False
Is 32461223 composite?
True
Is 415438159 a composite number?
False
Is 2345077045 composite?
True
Is 73486030019 composite?
False
Is 99066507 a prime number?
False
Is 33025257137 composite?
False
Is 50744390659 a prime number?
True
Is 2401405447 prime?
False
Is 47799572497 a composite number?
False
Is 17047704307 a composite number?
False
Is 11641607 a prime number?
False
Is 4665263081 a prime number?
True
Is 884876021 composite?
True
Is 9802167677 a prime number?
True
Is 23950038157 a prime number?
False
Is 145939717409 a composite number?
False
Is 51714923027 a prime number?
False
Is 23225054443 composite?
False
Is 37634367145 a prime number?
False
Is 13761654947 a composite number?
True
Is 23211657043 a composite number?
True
Is 752885509 a prime number?
False
Is 940114171 a prime number?
False
Is 7559742082 prime?
False
Is 500810143 composite?
False
Is 295815294677 prime?
False
Is 2465258359 prime?
False
Is 9102745961 composite?
False
Is 341918849 composite?
False
Is 42518101903 a composite number?
True
Is 657107323 a composite number?
False
Is 5730860587 composite?
False
Is 796887943 prime?
False
Is 440449049 composite?
False
Is 7678466761 prime?
False
Is 627382043 a composite number?
False
Is 46239840583 a prime number?
True
Is 1039127809 composite?
True
Is 106140847 prime?
True
Is 3994482257 a composite number?
False
Is 2368829 a composite number?
False
Is 19837057523 a composite number?
False
Is 20927118397 a composite number?
False
Is 661564513 a prime number?
True
Is 4805350483 a composite number?
True
Is 762839893 a composite number?
True
Is 20431182673 prime?
False
Is 1588630733 composite?
True
Is 5541949195 a composite number?
True
Is 3183720599 a composite number?
False
Is 3865158653 a composite number?
True
Is 116913708097 a composite number?
False
Is 718348594 a composite number?
True
Is 115607452463 a composite number?
False
Is 38529958393 a prime number?
False
Is 1871910949 a prime number?
True
Is 33777509639 composite?
False
Is 286170221 composite?
False
Is 163081603 a composite number?
True
Is 944155573 prime?
True
Is 228042151 prime?
True
Is 1710588941 prime?
True
Is 1214487551 a composite number?
False
Is 25855867 a prime number?
True
Is 26364578479 a prime number?
False
Is 4763512447 a composite number?
False
Is 12515381939 a composite number?
False
Is 425034079 a prime number?
True
Is 3142955017 composite?
True
Is 43761219197 a composite number?
True
Is 3502782247 prime?
True
Is 23825397595 composite?
True
Is 5692042087 composite?
False
Is 2258437189 composite?
False
Is 22113541189 composite?
False
Is 896480441 composite?
False
Is 4928626253 composite?
True
Is 10623357289 a prime number?
True
Is 90510351 composite?
True
Is 357677041 a composite number?
False
Is 16543613407 composite?
True
Is 6021098771 composite?
False
Is 101416457 a prime number?
False
Is 1455317491 a prime number?
True
Is 39307006153 composite?
True
Is 473373191 composite?
False
Is 1311190709 composite?
False
Is 1561876721 a prime number?
False
Is 1238086363 composite?
False
Is 4715914157 composite?
False
Is 1922576963 a composite number?
True
Is 365422189 a prime number?
False
Is 55536839339 a composite number?
False
Is 184401000353 a prime number?
True
Is 2172927683 a composite number?
False
Is 295917347 a composite number?
True
Is 16101913 a composite number?
False
Is 7802290715 composite?
True
Is 41832492827 composite?
True
Is 1013078531 prime?
True
Is 1234434463 a composite number?
True
Is 365468843 prime?
True
Is 1275812731 a prime number?
True
Is 39340016453 a composite number?
False
Is 1079079049 a composite number?
True
Is 2304804371 a composite number?
False
Is 1597777633 prime?
True
Is 25126206953 a prime number?
True
Is 20729894387 a prime number?
False
Is 50326669 prime?
True
Is 5922308927 a composite number?
False
Is 9247176109 a composite number?
False
Is 14717429 composite?
False
Is 71104607411 a composite number?